14)?
5
What is (-3 - (-2 - -4)) + -1 + (-9 - -13)?
-2
Calculate -9 + (21 - (3 + (10 - 1) + 1)).
-1
17 + -49 - -41 - 26
-17
Calculate 3 - (4 + -6) - (52 + (34 - 108)).
27
What is the value of -11 - (62 + (-2 - -1) + (-62 - -83))?
-93
-97 - -111 - (-6 + 3)
17
What is (-37 - -41) + -24 + 66?
46
What is the value of (-88 - -153) + -6 + 4 + -3?
60
What is 32773 - 32724 - (-18 + -1)?
68
What is the value of -1460 + 1451 - (3 + -8)?
-4
Evaluate -31 - (8 + (33 + 8 - -11)).
-91
What is the value of (34 - -2) + (8 + -11 + 9 + -16 - -18)?
44
Calculate -11 - (47 + 24) - -146.
64
(0 + -14 + 7 - -12) + (-45 - (-20 - -20))
-40
What is the value of -18 + (25 - (-10 + 13)) + -56?
-52
Calculate 19 + (20 - 78) - (-3 + -5 + 6 + 8).
-45
Evaluate -15 + (-194 - -175) - (44 + -3).
-75
34 + -26 + 2 + -19
-9
What is 3 - -1 - -5 - (-27 - -25 - (-3 - -4))?
12
What is -99 + 29 + 49 + -30?
-51
(-50 - (-56 + 10)) + -14
-18
What is the value of 218 + (-265 - -78) - (-2 - 0 - -14 - 1)?
20
Calculate 6 + 0 - (27 + -12 + -9) - -4.
4
Calculate (35 - (-3 + 41)) + (0 - -80) + -16.
61
What is the value of -93 + -1 - (14 - (-2 + (74 - 82)))?
-118
What is 43 + -6 - (315 - 281)?
3
15 + -77 + (-1 - -26)
-37
What is -3 + ((46 - 58) + (0 - -3) - (-1 + -19))?
8
What is -64 - (6 - 91) - (-83 + 1)?
103
3 + 11 - (-96 + 56 + 55)
-1
Evaluate (-887 - -943) + -17 + (2 - 3).
38
Calculate -38 - (-63 + (-39 - -24) + -1).
41
What is (0 - 9 - 5) + -1 + 3?
-12
-45 + (-3 - (6 - 7) - (0 + -20))
-27
What is the value of 24 + -28 + (82 + 24 - 28)?
74
Evaluate 4 - -18 - (38 - 37).
21
What is 17 + -30 + (26 - -7 - 21)?
-1
Calculate -64 - (-88 + 17 + 52).
-45
Evaluate 0 + 43 - (-145 - (206 - 322)).
72
Calculate -64 - 20 - -17 - -84.
17
What is (464 - 487) + (-21 - -10) + (-2 - -1)?
-35
What is the value of (38 - 54) + 20 + (11 - 2)?
13
(38 - (-6 + 25)) + -49 + -2 + -2 + -2
-36
Evaluate -1 - -49 - (147 - (28 - -107)).
36
Evaluate -2 + (-2 - -7) - -78 - (211 - 394 - -191).
73
Evaluate -2 + 88 + 132 + -139 + 1 + -16.
64
Evaluate 108 + (-14 + 85 - 112).
67
(-3 - (-93 - -4)) + (7 - (-18 - -20)) + 11
102
Evaluate 12 - -1 - (-16 - (48 + -31 + 37)).
83
Calculate (1 - 19) + (-8 + -2 - (44 - 60)).
-12
What is the value of (-3 - 1) + -10 - (-2 + (-14 - -10))?
-8
Calculate 0 - -11 - (-67 + 153 - 106 - (31 + 1)).
63
Evaluate 0 + 14 + 1 + (-97 + 9 - 14).
-87
Evaluate (-52 + 31 - (107 + -32)) + (-3 - -2).
-97
-16 + -46 + 33 + -15 + -83
-127
What is the value of (1 - 2) + -14 + (-23 - (10 - 29))?
-19
-62 - (-7 + -37 + (29 - -2))
-49
Evaluate -7 + (-8 + 16 - -44) + -2 + 1.
44
Calculate -3 - (25 + 0 + 1 - (-52 + 74 + -15)).
-22
-1 - -1 - (250 - 213 - (1 + 1))
-35
Evaluate 309 + -278 - (31 + -2).
2
Evaluate 29 + (-30 - (8 - (5 + 13))).
9
-3 + 7 + (4 - -18 - 4)
22
Calculate 3 + 0 + 9 - (-26 - (-12 + -19 - 41)).
-34
Evaluate 22 + -33 + (2 - -4) + 17 - 20 - -49.
41
Evaluate 27 + -52 + (12 - -81).
68
Calculate 6 - (-11 + 7 - ((14 - 3) + -6 - 9)).
6
What is (9 - 0) + -110 + (-1 - (22 + -16))?
-108
What is 118 - (65 + (-35 + 36 - 29))?
81
Calculate 53 - 54 - -33 - 10 - (9 + 0).
13
What is (19 - 10 - (-32 - (6 - 6))) + 11?
52
What is the value of 14 + (-2 + 1 - (-35 + 17 - -78))?
-47
Evaluate (83 - 114 - -65) + -1 + -18.
15
Evaluate -4 - -20 - (23 + (6 - 19)).
6
What is the value of 18 + (-13 - -1) + (-3 - 2) - (105 + -5)?
-99
What is 84 + -55 - 11 - (-33 - -3)?
48
What is -6 - (13 - (14 - -12)) - -6?
13
What is the value of -7 + (77 - (-8 + -7)) + 9?
94
Calculate 15 - (15 - (-7 + 18)) - (47 - -20).
-56
Calculate 12 + (257 - (164 - 29)).
134
Evaluate -55 + (18 - -39) - (1 - (-1 + 1)).
1
-11 - (56 + -59 + -23)
15
-30 - (30 - 32 - -5 - 20)
-13
What is the value of 19 + (-6 - -2) + -17 + 7 - 77?
-72
Calculate (-171 - -152) + (0 - -5).
-14
What is the value of -19 + (928 - 930 - (-1 - 10 - (-7 - -5)))?
-12
Calculate 36 + (-3 - -4) - (159 - 175) - (-1 + -9).
63
What is 6 + (27 - 70 - -7) - -101?
71
Calculate (-1 + 98 - (-1 + 1)) + -106 + (112 - 17).
86
What is -9 + ((16 - ((8 - 9) + 8)) + 54 - -14)?
68
23 + -9 + (-16 - -7) - (0 - 10)
15
What is the value of 1 + 6 - (27 - (-19 + 9) - -4)?
-34
(-72 + 69 - (-20 - -5)) + -23
-11
What is the value of 28 + (-13 - 17) - (-2 + -1 + (-1 - 1))?
3
Calculate 3 - (-17 - -8) - 8.
4
What is -3 + 3 + (-21 - (6 - -35))?
-62
16 - (7 + 25) - (-20 + 6)
-2
Evaluate 10 + 19 + -23 + -2 + 37.
41
Calculate (95 - -31) + -93 - (-1 + 96).
-62
Evaluate (445 - 594) + -5 + 108.
-46
Calculate (296 + -77 - 214) + (-1 - 4).
0
Evaluate (20 - -6 - 36) + 47.
37
Calculate -214 - -252 - (120 + -34).
-48
-77 - 56 - (-49 + -24)
-60
What is -9 + 1 - ((-1 - (-4 + 11)) + -39 + 72)?
-33
What is the value of 221 + -278 - ((7 - 1) + -9 + 3 + -8)?
-49
What is (319 - 270) + -59 - (-11 + (2 - 1)) - 47?
-47
Evaluate 1 - (0 + 2 - (-13 - -30) - (1 + -6)).
11
12 + (1 - 10 - 5) - -5 - -43
46
Evaluate -38 - (-118 - -52 - 17).
45
Evaluate -115 + (-73 + 111 - -26).
-51
3 + (-5 - 6 - (-100 + 95))
-3
Evaluate 1 - 11 - (5370 + -5397).
17
-141 + (24 - -95) + 79
57
What is 9 - 17 - (-45 - (11 - ((5 - 3) + 8)))?
38
-10 + (74 - 76) + (17 - -1)
6
Evaluate -240 + -71 + 252 + (-1 + (-1 - -2) - 0).
-59
Evaluate 51 + (69 - (-37 + 173)).
-16
Calculate 15 + (9 - -116 - (-37 + 66 + -21)).
132
What is the value of 25 - (-12 - 6 - -24) - 16?
3
Evaluate (75 - 65 - 10) + (-1 - -12).
11
What is the value of -1 - -82 - (0 + -1 - 26 - -43 - 4)?
69
Calculate -33 - 8 - (-14 - -3 - -13).
-43
Calculate 27 + 31 + -35 + (31 - 9).
45
Calculate 23 + 16 - (-1 + 35).
5
What is the value of 1 - -8 - -15 - (-7 + 23)?
8
-1 + -100 - (80 - (-125 - -238))
-68
Evaluate -9 - ((-52 - -79) + -29).
-7
What is (1 - 15) + 2 + 0 + 466 + -452?
2
What is the value of 5 + 64 + -215 + 155?
9
Calculate -11 - (-18 - -2 - (7 - -5 - -65)).
82
Calculate 10 - (599 + -573 + -10 + 0).
-6
What is the value of 6 + -7 - (-1261 - -1180)?
80
Calculate 8 + -41 - -5 - 17.
-45
Calculate (-4 - (-14 + 12) - 16) + -23 + 14.
-27
Evaluate -7 + -6 - (23 - -1 - (36 - 31)).
-32
Calculate -21 + (6 - 25) + (-36 - (10 - 5)).
-81
Calculate 509 + -582 + (-15 - -19 - (-14 + 1)).
-56
81 - (-34 - -77 - -60)
-22
What is -26 - (-47 - (-22 + 0 + 6)) - (-1 + 139)?
-133
Evaluate 4 + -6 - (58 - 134).
74
(9 + 7 - 4) + -12 + 2
2
Calculate (0 - 5) + (-2749 - -2835).
81
Evaluate 22 + 15 - (39 - -5).
-7
What is the value of (6 - 84) + 0 - (-47 - -30 - -10)?
-71
0 - (-62 - (-7 + 20 + -21))
54
(3 - 6) + 4 - (746 + -800)
55
Calculate -3 - ((204 - 206) + 12 + 1).
-14
-40 + 5 - (-99 + 41 + 46)
-23
(27 - (-29 + 47)) + 23 + -35
-3
-66 + 2 + 17 - -26 - -19
-2
Calculate -11 - -13 - 5 - (1 + -5 - (-45 - -33)).
-11
Evaluate (0 - -26) + (5 - 4) + (16 - 34) + 18.
27
122 + -72 + (11 - 77)
-16
What is the value of 4489 + -4464 - (33 - -2 - -2)?
-12
Evaluate -21 + (-34 - (1 + -23)).
-33
Calculate 17 + 23 + -16 + -16 + 16.
24
What is the value of -561 + 538 - (-2 - 36)?
15
What is the value of 51 - (-84 + 37 + 21) - 27?
50
What is the value of -131 + 169 - (-3 + 6 + -22)?
57
What is the value of 14 + (-39 + -6 - -1) - (-5 - -2) - 8?
-35
What is the value of 17 + (-19 - 18) + -4 + -2?
-26
Calculate 0 + 219 - (-410 + 556).
73
Evaluate 115 - (-18 + -59 - -286).
-94
Calculate 50 - (0 - (-19 - 26)).
5
What is the value of 182 + -82 + -170 + (-6 - -37)?
-39
Evaluate (-21 - -30) + -20 + (6 + -25 - 2).
-32
What is the value of (-33 - -37) + (-10 + 2 - (12 + (8 - 27)))?
3
Calculate -4 - 8 - (-27 - (-24 + 0 + 41)).
32
What is the value of -2 + 6 - (8 + 37) - (9 - -2 - 3)?
-49
Calculate -10 + 3 + -4 + -1 + (-48 - -41 - -27).
8
Calculate -1 + 31 - (-24 + -20 + 59).
15
Evaluate (61 + -14 - (22 + 13)) + (-2 - 9).
1
(67 - 212) + (-2 - -83)
-64
5 + 23 + 40 + -66
2
What is the value of -357 - -420 - (-1 + 42)?
22
Evaluate (58 + -29 - 37) + (-1 - (-3 - -5)) - 54.
-65
What is the value of 232 - 300 - (5 - (3 - -10))?
-60
Evaluate -3 + 18 + -6 + -36 - (-3 - 14).
-10
Evaluate -5 + ((-17 - (-9 - 1) - -68) + -2 - 5).
49
Calculate (153 - 158) + (0 - -30) + 6 + -5.
26
What is -17 + (7 + -18 + 8 + -9 - -4)?
-25
Calculate -19 + 34 + (-39 - -2) + 50.
28
What is the value of 48 + (-6 - 1 - (-87 - -89)) + 6?
45
2 - (-1 + 2) - (119 - 55 - (3 + 15))
-45
Calculate (-5 - (-5 + -3)) + 384 + -401.
-14
What is the value of -19 - (15 + (-30 - (-3 + -14))) - -37?
16
What is -5 - -49 - ((